{"id":3,"date":"2026-04-19T14:37:32","date_gmt":"2026-04-19T14:37:32","guid":{"rendered":"https:\/\/gizemparfum.com\/?page_id=3"},"modified":"2026-04-19T15:03:34","modified_gmt":"2026-04-19T15:03:34","slug":"privacy-policy","status":"publish","type":"page","link":"https:\/\/gizemparfum.com\/?page_id=3","title":{"rendered":"Gizlilik Politikas\u0131"},"content":{"rendered":"\n<h3 class=\"wp-block-heading\"><strong>Biz Kimiz<\/strong><\/h3>\n\n\n\n<p>Web sitemizin adresi: <strong><a href=\"https:\/\/gizemparfum.com\" target=\"_blank\" rel=\"noreferrer noopener\">https:\/\/gizemparfum.com<\/a><\/strong><\/p>\n\n\n\n<h3 class=\"wp-block-heading\"><strong>Yorumlar<\/strong><\/h3>\n\n\n\n<p>Ziyaret\u00e7iler sitede yorum b\u0131rakt\u0131\u011f\u0131nda, yorum formunda g\u00f6sterilen verilerin yan\u0131 s\u0131ra, spam tespitine yard\u0131mc\u0131 olmak amac\u0131yla ziyaret\u00e7inin IP adresi ve taray\u0131c\u0131 kullan\u0131c\u0131 arac\u0131 dizesini de toplar\u0131z. E-posta adresinizden olu\u015fturulmu\u015f anonimle\u015ftirilmi\u015f bir dize (karma\/hash olarak da adland\u0131r\u0131l\u0131r), Gravatar hizmetini kullan\u0131p kullanmad\u0131\u011f\u0131n\u0131z\u0131 kontrol etmek amac\u0131yla bu hizmete sunulabilir. Gravatar hizmetinin gizlilik politikas\u0131na \u015fu adresten ula\u015f\u0131labilir: <a href=\"https:\/\/automattic.com\/privacy\/\" target=\"_blank\" rel=\"noreferrer noopener\">https:\/\/automattic.com\/privacy\/<\/a>. Yorumunuz onayland\u0131ktan sonra, profil resminiz yorumunuzun ba\u011flam\u0131nda halka a\u00e7\u0131k olarak g\u00f6r\u00fcn\u00fcr.<\/p>\n\n\n\n<h3 class=\"wp-block-heading\"><strong>Ortam (Medya)<\/strong><\/h3>\n\n\n\n<p>Web sitesine g\u00f6rsel y\u00fcklerseniz, g\u00f6m\u00fcl\u00fc konum verileri (EXIF GPS) i\u00e7eren g\u00f6rseller y\u00fcklemekten ka\u00e7\u0131nmal\u0131s\u0131n\u0131z. Web sitesi ziyaret\u00e7ileri, sitedeki g\u00f6rsellerden herhangi bir konum verisini indirebilir ve bu verileri \u00e7\u0131karabilir.<\/p>\n\n\n\n<h3 class=\"wp-block-heading\"><strong>\u00c7erezler<\/strong><\/h3>\n\n\n\n<p id=\"p-rc_ece1ba15ac931b80-19\">Sitemize bir yorum b\u0131rak\u0131rsan\u0131z isminizi, e-posta adresinizi ve web sitenizi \u00e7erezlere kaydetmeyi se\u00e7ebilirsiniz. Bunlar, ba\u015fka bir yorum b\u0131rakt\u0131\u011f\u0131n\u0131zda bilgilerinizi tekrar doldurmak zorunda kalmaman\u0131z i\u00e7in kolayl\u0131k sa\u011flamak amac\u0131yla kullan\u0131l\u0131r. Bu \u00e7erezler bir y\u0131l boyunca saklan\u0131r. Giri\u015f sayfam\u0131z\u0131 ziyaret ederseniz, taray\u0131c\u0131n\u0131z\u0131n \u00e7erezleri kabul edip etmedi\u011fini belirlemek i\u00e7in ge\u00e7ici bir \u00e7erez ayarlar\u0131z. Bu \u00e7erez hi\u00e7bir ki\u015fisel veri i\u00e7ermez ve taray\u0131c\u0131n\u0131z\u0131 kapatt\u0131\u011f\u0131n\u0131zda silinir. Giri\u015f yapt\u0131\u011f\u0131n\u0131zda, giri\u015f bilgilerinizi ve ekran g\u00f6r\u00fcnt\u00fcleme se\u00e7eneklerinizi kaydetmek i\u00e7in birka\u00e7 \u00e7erez de ayarlar\u0131z. Giri\u015f \u00e7erezleri iki g\u00fcn, ekran se\u00e7enekleri \u00e7erezleri ise bir y\u0131l boyunca saklan\u0131r. &#8220;Beni Hat\u0131rla&#8221; se\u00e7ene\u011fini i\u015faretlerseniz, giri\u015finiz iki hafta boyunca devam eder. Hesab\u0131n\u0131zdan \u00e7\u0131k\u0131\u015f yaparsan\u0131z, giri\u015f \u00e7erezleri kald\u0131r\u0131l\u0131r. Bir makaleyi d\u00fczenler veya yay\u0131nlarsan\u0131z, taray\u0131c\u0131n\u0131za ek bir \u00e7erez kaydedilir. Bu \u00e7erez hi\u00e7bir ki\u015fisel veri i\u00e7ermez ve yaln\u0131zca d\u00fczenledi\u011finiz makalenin yaz\u0131 kimli\u011fini (ID) g\u00f6sterir. 1 g\u00fcn sonra ge\u00e7erlili\u011fini yitirir.<\/p>\n\n\n\n<h3 class=\"wp-block-heading\"><strong>Di\u011fer Web Sitelerinden G\u00f6m\u00fclen \u0130\u00e7erik<\/strong><\/h3>\n\n\n\n<p>Bu sitedeki makaleler g\u00f6m\u00fcl\u00fc i\u00e7erik (\u00f6rne\u011fin videolar, g\u00f6rseller, makaleler vb.) i\u00e7erebilir. Di\u011fer web sitelerinden gelen g\u00f6m\u00fcl\u00fc i\u00e7erik, ziyaret\u00e7i di\u011fer web sitesini ziyaret etmi\u015f gibi tam olarak ayn\u0131 \u015fekilde davran\u0131r. Bu web siteleri sizin hakk\u0131n\u0131zda veri toplayabilir, \u00e7erezleri kullanabilir, ek \u00fc\u00e7\u00fcnc\u00fc taraf takibi yapabilir ve e\u011fer bir hesab\u0131n\u0131z varsa ve o web sitesinde oturum a\u00e7t\u0131ysan\u0131z, g\u00f6m\u00fcl\u00fc i\u00e7erikle etkile\u015fiminizi izlemek dahil olmak \u00fczere bu i\u00e7erikle olan etkile\u015fiminizi takip edebilir.<\/p>\n\n\n\n<h3 class=\"wp-block-heading\"><strong>Verilerinizi Kimlerle Payla\u015f\u0131yoruz?<\/strong><\/h3>\n\n\n\n<p>Parola s\u0131f\u0131rlama talebinde bulunursan\u0131z, IP adresiniz s\u0131f\u0131rlama e-postas\u0131na dahil edilir.<\/p>\n\n\n\n<h3 class=\"wp-block-heading\"><strong>Verilerinizi Ne Kadar S\u00fcre Sakl\u0131yoruz?<\/strong><\/h3>\n\n\n\n<p>Bir yorum b\u0131rak\u0131rsan\u0131z, yorum ve meta verileri s\u00fcresiz olarak saklan\u0131r. Bu, takip eden yorumlar\u0131 bir denetleme kuyru\u011funda tutmak yerine otomatik olarak tan\u0131mam\u0131z\u0131 ve onaylamam\u0131z\u0131 sa\u011flar. Web sitemize kaydolan kullan\u0131c\u0131lar i\u00e7in (varsa), sa\u011flad\u0131klar\u0131 ki\u015fisel bilgileri kullan\u0131c\u0131 profillerinde de saklar\u0131z. T\u00fcm kullan\u0131c\u0131lar ki\u015fisel bilgilerini istedikleri zaman g\u00f6rebilir, d\u00fczenleyebilir veya silebilir (kullan\u0131c\u0131 adlar\u0131n\u0131 de\u011fi\u015ftirememek kayd\u0131yla). Web sitesi y\u00f6neticileri de bu bilgileri g\u00f6rebilir ve d\u00fczenleyebilir.<\/p>\n\n\n\n<h3 class=\"wp-block-heading\"><strong>Verileriniz \u00dczerinde Hangi Haklara Sahipsiniz?<\/strong><sup><\/sup><\/h3>\n\n\n\n<p id=\"p-rc_ece1ba15ac931b80-20\">Bu sitede bir hesab\u0131n\u0131z varsa veya yorum b\u0131rakt\u0131ysan\u0131z, bize sa\u011flad\u0131\u011f\u0131n\u0131z veriler de dahil olmak \u00fczere, hakk\u0131n\u0131zda tuttu\u011fumuz ki\u015fisel verilerin d\u0131\u015fa aktar\u0131lm\u0131\u015f bir dosyas\u0131n\u0131 almay\u0131 talep edebilirsiniz. Ayr\u0131ca, hakk\u0131n\u0131zda tuttu\u011fumuz t\u00fcm ki\u015fisel verileri silmemizi de talep edebilirsiniz. Bu, idari, yasal veya g\u00fcvenlik ama\u00e7lar\u0131yla saklamak zorunda oldu\u011fumuz verileri kapsamaz.<\/p>\n\n\n\n<h3 class=\"wp-block-heading\"><strong>Verileriniz Nereye G\u00f6nderiliyor?<\/strong><\/h3>\n\n\n\n<p>Ziyaret\u00e7i yorumlar\u0131 otomatik bir spam alg\u0131lama servisi arac\u0131l\u0131\u011f\u0131yla kontrol edilebilir.<\/p>\n\n\n\n<p><\/p>\n","protected":false},"excerpt":{"rendered":"<p>Biz Kimiz Web sitemizin adresi: https:\/\/gizemparfum.com Yorumlar Ziyaret\u00e7iler sitede yorum b\u0131rakt\u0131\u011f\u0131nda, yorum formunda g\u00f6sterilen verilerin yan\u0131 s\u0131ra, spam tespitine yard\u0131mc\u0131 olmak amac\u0131yla ziyaret\u00e7inin IP adresi &hellip; <\/p>\n","protected":false},"author":1,"featured_media":0,"parent":0,"menu_order":0,"comment_status":"closed","ping_status":"open","template":"","meta":{"footnotes":""},"class_list":["post-3","page","type-page","status-publish","hentry","latest_post"],"_links":{"self":[{"href":"https:\/\/gizemparfum.com\/index.php?rest_route=\/wp\/v2\/pages\/3","targetHints":{"allow":["GET"]}}],"collection":[{"href":"https:\/\/gizemparfum.com\/index.php?rest_route=\/wp\/v2\/pages"}],"about":[{"href":"https:\/\/gizemparfum.com\/index.php?rest_route=\/wp\/v2\/types\/page"}],"author":[{"embeddable":true,"href":"https:\/\/gizemparfum.com\/index.php?rest_route=\/wp\/v2\/users\/1"}],"replies":[{"embeddable":true,"href":"https:\/\/gizemparfum.com\/index.php?rest_route=%2Fwp%2Fv2%2Fcomments&post=3"}],"version-history":[{"count":1,"href":"https:\/\/gizemparfum.com\/index.php?rest_route=\/wp\/v2\/pages\/3\/revisions"}],"predecessor-version":[{"id":19,"href":"https:\/\/gizemparfum.com\/index.php?rest_route=\/wp\/v2\/pages\/3\/revisions\/19"}],"wp:attachment":[{"href":"https:\/\/gizemparfum.com\/index.php?rest_route=%2Fwp%2Fv2%2Fmedia&parent=3"}],"curies":[{"name":"wp","href":"https:\/\/api.w.org\/{rel}","templated":true}]}}